{"id":2,"date":"2021-01-08T16:29:36","date_gmt":"2021-01-08T15:29:36","guid":{"rendered":"http:\/\/itto.fr\/?page_id=2"},"modified":"2025-11-20T19:14:45","modified_gmt":"2025-11-20T18:14:45","slug":"page-d-exemple","status":"publish","type":"page","link":"https:\/\/itto.fr\/","title":{"rendered":"Activez mieux vos ressources mentales"},"content":{"rendered":"\n<p><\/p>\n\n\n\n<p class=\"has-drop-cap\">self-empowerment : processus par lequel une personne d\u00e9veloppe sa capacit\u00e9 \u00e0 prendre le contr\u00f4le de sa propre vie et \u00e0 agir de mani\u00e8re autonome pour atteindre ses objectifs. Concr\u00e8tement, cela englobe plusieurs dimensions.<\/p>\n\n\n\n<p><strong>Le d\u00e9veloppement personnel<\/strong>&nbsp;: renforcer sa confiance en soi, identifier ses forces et ses valeurs, et cultiver une meilleure connaissance de soi.<\/p>\n\n\n\n<p><strong>L&#8217;autonomie d\u00e9cisionnelle<\/strong>&nbsp;: apprendre \u00e0 faire ses propres choix plut\u00f4t que de d\u00e9pendre constamment de l&#8217;approbation ou des directives des autres.<\/p>\n\n\n\n<p><strong>La responsabilisation<\/strong>&nbsp;: accepter la responsabilit\u00e9 de ses actions et de sa vie, plut\u00f4t que de se sentir victime des circonstances.<\/p>\n\n\n\n<p><strong>L&#8217;acquisition de comp\u00e9tences<\/strong>&nbsp;: d\u00e9velopper les aptitudes n\u00e9cessaires pour r\u00e9aliser ses ambitions, que ce soit sur le plan professionnel, relationnel ou personnel.<\/p>\n\n\n\n<p><strong>La confiance en ses capacit\u00e9s<\/strong>&nbsp;: croire en son potentiel pour surmonter les obstacles et cr\u00e9er du changement dans sa vie.<\/p>\n\n\n\n<p><\/p>\n\n\n\n<p class=\"has-drop-cap\">Hypnose : ce terme g\u00e9n\u00e9rique d\u00e9signe un <strong>art bien particulier<\/strong>. Celui permettant d&#8217;acc\u00e9der \u00e0 diff\u00e9rents \u00e9tats de conscience modifi\u00e9e. Depuis la nuit des temps, l&#8217;hypnose est pratiqu\u00e9e pour ses vertus. Aujourd&#8217;hui, les preuves de son efficacit\u00e9 sont \u00e9tablies, sans que l&#8217;on comprenne parfaitement ses m\u00e9canismes. On constate simplement que <strong>l&#8217;hypnose ouvre la porte de ressources inconscientes et qu&#8217;elle permet d&#8217;agir au niveau inconscient sur le plan \u00e9motionnel<\/strong>. De nombreuses approches co-existent. Deux seules certitudes. Tout d&#8217;abord, aucune ne peut \u00eatre g\u00e9n\u00e9ralis\u00e9e et il s&#8217;agit d&#8217;adapter la d\u00e9marche au cas par cas, selon les situations\/besoins de chacun(e). Ensuite, en aucune mani\u00e8re, il sera question de se substituer \u00e0 la m\u00e9decine classique, qui reste premi\u00e8re en pr\u00e9sence d&#8217;une pathologie. <strong>En r\u00e9sum\u00e9, l&#8217;hypnose est un art tandis que la m\u00e9decine est une science<\/strong>. Rien n&#8217;emp\u00eache \u00e9videmment l&#8217;hypnose de venir conforter les bienfaits de la science. Elle peut m\u00eame se soumettre avec succ\u00e8s \u00e0 la validation statistique de son effectivit\u00e9. Mais si la m\u00e9decine int\u00e9grative a de beaux jours devant elle, les services d&#8217;accompagnement propos\u00e9s sur ce site n&#8217;entrent pas dans ce champ.<\/p>\n\n\n\n<p class=\"has-drop-cap\">Auto-hypnose : ce terme d\u00e9signe une <strong>vari\u00e9t\u00e9 particuli\u00e8re d&#8217;hypnose par laquelle une personne entre par elle-m\u00eame dans un \u00e9tat hypnotique <\/strong>. C&#8217;est une technique d&#8217;auto-induction qui permet d&#8217;acc\u00e9der \u00e0 un \u00e9tat modifi\u00e9 de conscience, caract\u00e9ris\u00e9 par une attention focalis\u00e9e, une relaxation profonde et une r\u00e9ceptivit\u00e9 accrue aux suggestions que l&#8217;on se donne \u00e0 soi-m\u00eame. Dans cet \u00e9tat, il peut \u00eatre formul\u00e9 pour soi-m\u00eame des instructions ou des images mentales afin d&#8217;atteindre ses objectifs. Par exemple, r\u00e9duire le stress, d\u00e9velopper la confiance en soi ou am\u00e9liorer la concentration. Contrairement \u00e0 l&#8217;hypnose guid\u00e9e (dite h\u00e9t\u00e9ro-hypnose ou couramment juste hypnose), l&#8217;auto-hypnose ne d\u00e9pend pas d&#8217;un tiers et accroit l&#8217;autonomie de celles et ceux qui la pratiquent. <\/p>\n\n\n\n<p class=\"has-drop-cap\">Bien-\u00eatre : premier domaine d&#8217;excellence de l&#8217;hypnose. Tout sp\u00e9cialement, le pilier du bien-\u00eatre au travail, r\u00e9sultant d&#8217;un \u00e9quilibre harmonieux entre les dimensions physiques, psychologique et sociale de l&#8217;individu dans son environnement professionnel. L&#8217;hypnose favorise <strong>une meilleure gestion du stress et de la charge mentale<\/strong>, r\u00e9duisant significativement le risque de burnout.  Elle permet aussi une<strong> r\u00e9cup\u00e9ration rapide<\/strong> et d&#8217;<strong>\u00e9viter le non empi\u00e8tement du travail sur la vie priv\u00e9e<\/strong>, tout en conservant une flexibilit\u00e9 raisonnable au travail  et le respect de ses objectifs  op\u00e9rationnels.<\/p>\n\n\n\n<p>En synth\u00e8se, la branche &#8220;bien-\u00eatre&#8221; de l&#8217;hypnose\/auto-hypnose, n\u00e9e depuis la nuit des temps, agit dans plusieurs domaines souvent connexes. Parmi ceux-ci, <strong>mes pratiques<\/strong> <strong>se sp\u00e9cialisent pour atteindre les<\/strong> <strong>objectifs<\/strong> suivants :<\/p>\n\n\n\n<ul id=\"block-28b198c9-6636-4629-a45e-0f4435c188fe\" class=\"wp-block-list\">\n<li>Att\u00e9nuation du stress <\/li>\n\n\n\n<li>Gestion de la charge mentale<\/li>\n\n\n\n<li>R\u00e9silience \u00e9motionnelle<\/li>\n\n\n\n<li>Apaisement des conflits<\/li>\n\n\n\n<li>Equilibrage entre vies professionnelle et priv\u00e9e.<\/li>\n<\/ul>\n\n\n\n<p><\/p>\n\n\n\n<p><\/p>\n\n\n\n<p><\/p>\n\n\n\n<p class=\"has-drop-cap\"> Efficacit\u00e9 : second domaine d&#8217;excellence de l&#8217;hypnose, rendu possible gr\u00e2ce \u00e0 diverses techniques de programmation cognitive d\u00e9velopp\u00e9es notamment \u00e0 Palo Alto depuis les ann\u00e9es 1960. Ces techniques largement \u00e9prouv\u00e9es et perfectionn\u00e9es depuis ouvrent la porte \u00e0 des ressources de cr\u00e9ativit\u00e9 et de conception &#8220;out of the box&#8221; conf\u00e9rant aux entreprises des avantages comp\u00e9titifs uniques. Cette branche &#8220;productiviste&#8221; de l&#8217;hypnose propose aussi de puissants outils dans le champs des soft skills : communication interpersonnelle, prise de parole en public, intelligence \u00e9motionnelle, adaptation au changement, propension au travail en \u00e9quipe mais aussi concentration, m\u00e9morisation, r\u00e9cup\u00e9ration et agilit\u00e9 mentale.<\/p>\n\n\n\n<p>En synth\u00e8se, la branche &#8220;efficacit\u00e9&#8221; de l&#8217;hypnose, n\u00e9e aux \u00c9tats-Unis  autour des ann\u00e9es 1960 dans la lign\u00e9e des travaux de Milton Erickson, agit dans plusieurs domaines souvent connexes. Parmi ceux-ci, <strong>mes pratiques se sp\u00e9cialisent pour atteindre les<\/strong> <strong>objectifs<\/strong> suivants :<\/p>\n\n\n\n<ul class=\"wp-block-list\">\n<li>Communication interpersonnelle<\/li>\n\n\n\n<li>Aisance de l&#8217;expression en public<\/li>\n\n\n\n<li>Intelligence \u00e9motionnelle<\/li>\n\n\n\n<li>Adaptation au changement<\/li>\n\n\n\n<li>Propension au travail en \u00e9quipe<\/li>\n\n\n\n<li>Concentration<\/li>\n\n\n\n<li>M\u00e9morisation<\/li>\n\n\n\n<li>R\u00e9cup\u00e9ration <\/li>\n\n\n\n<li>Agilit\u00e9 mentale.<\/li>\n<\/ul>\n\n\n\n<p class=\"has-drop-cap\">Form\u00e9 et pratiquant depuis des ann\u00e9es l&#8217;ensemble des techniques de self-empowerment et d&#8217;hypnose, apr\u00e8s un riche parcours professionnel et personnel, j&#8217;ai la conviction et la volont\u00e9 de pouvoir vous accompagner vers vos objectifs. Afin d&#8217;en savoir plus sur mon &#8220;histoire&#8221;, mes comp\u00e9tences et interventions, vous pouvez cliquer <a href=\"https:\/\/itto.fr\/index.php\/contact\/\" data-type=\"page\" data-id=\"8\" target=\"_blank\" rel=\"noreferrer noopener\">ici<\/a>.<\/p>\n","protected":false},"excerpt":{"rendered":"<p>self-empowerment : processus par lequel une personne d\u00e9veloppe sa capacit\u00e9 \u00e0 prendre le contr\u00f4le de sa propre vie et \u00e0 agir de mani\u00e8re autonome pour atteindre ses objectifs. Concr\u00e8tement, cela englobe plusieurs dimensions. Le d\u00e9veloppement personnel&nbsp;: renforcer sa confiance en soi, identifier ses forces et ses valeurs, et cultiver une meilleure connaissance de soi. L&#8217;autonomie&#8230;<\/p>\n","protected":false},"author":1,"featured_media":74,"parent":0,"menu_order":0,"comment_status":"closed","ping_status":"open","template":"","meta":{"footnotes":""},"class_list":["post-2","page","type-page","status-publish","has-post-thumbnail","hentry"],"_links":{"self":[{"href":"https:\/\/itto.fr\/index.php\/wp-json\/wp\/v2\/pages\/2","targetHints":{"allow":["GET"]}}],"collection":[{"href":"https:\/\/itto.fr\/index.php\/wp-json\/wp\/v2\/pages"}],"about":[{"href":"https:\/\/itto.fr\/index.php\/wp-json\/wp\/v2\/types\/page"}],"author":[{"embeddable":true,"href":"https:\/\/itto.fr\/index.php\/wp-json\/wp\/v2\/users\/1"}],"replies":[{"embeddable":true,"href":"https:\/\/itto.fr\/index.php\/wp-json\/wp\/v2\/comments?post=2"}],"version-history":[{"count":160,"href":"https:\/\/itto.fr\/index.php\/wp-json\/wp\/v2\/pages\/2\/revisions"}],"predecessor-version":[{"id":632,"href":"https:\/\/itto.fr\/index.php\/wp-json\/wp\/v2\/pages\/2\/revisions\/632"}],"wp:featuredmedia":[{"embeddable":true,"href":"https:\/\/itto.fr\/index.php\/wp-json\/wp\/v2\/media\/74"}],"wp:attachment":[{"href":"https:\/\/itto.fr\/index.php\/wp-json\/wp\/v2\/media?parent=2"}],"curies":[{"name":"wp","href":"https:\/\/api.w.org\/{rel}","templated":true}]}}